{"id":550,"date":"2020-04-07T08:15:11","date_gmt":"2020-04-07T08:15:11","guid":{"rendered":"http:\/\/drei-linden-schule-ranzel.de\/?page_id=550"},"modified":"2025-09-28T12:06:20","modified_gmt":"2025-09-28T12:06:20","slug":"anmeldung-und-kosten","status":"publish","type":"page","link":"https:\/\/drei-linden-schule-ranzel.de\/?page_id=550","title":{"rendered":"Anmeldung und Kosten"},"content":{"rendered":"\n<p>Sie k\u00f6nnen Ihr Kind an der OGS Ranzel anmelden, wenn Ihr Kind Sch\u00fclerIn der Drei-Linden-Schule Ranzel ist.<\/p>\n\n\n\n<p>Das Anmeldeformular f\u00fcr die OGS-Betreuung&nbsp;<strong>f\u00fcr das laufende Schuljahr<\/strong>&nbsp;finden Sie hier.&nbsp;<\/p>\n\n\n\n<div data-wp-interactive=\"core\/file\" class=\"wp-block-file\"><object data-wp-bind--hidden=\"!state.hasPdfPreview\" hidden class=\"wp-block-file__embed\" data=\"https:\/\/drei-linden-schule-ranzel.de\/wp-content\/uploads\/2025\/09\/Verbindl.-Anmeldung-3252-unterjaehrig-_-Neu.pdf\" type=\"application\/pdf\" style=\"width:100%;height:600px\" aria-label=\"Einbettung von Verbindl.-Anmeldung-3252-unterjaehrig-_-Neu.\"><\/object><a id=\"wp-block-file--media-24c83a63-9f7d-43d4-beea-b9e8e08cdefd\" href=\"https:\/\/drei-linden-schule-ranzel.de\/wp-content\/uploads\/2025\/09\/Verbindl.-Anmeldung-3252-unterjaehrig-_-Neu.pdf\">Verbindl.-Anmeldung-3252-unterjaehrig-_-Neu<\/a><a href=\"https:\/\/drei-linden-schule-ranzel.de\/wp-content\/uploads\/2025\/09\/Verbindl.-Anmeldung-3252-unterjaehrig-_-Neu.pdf\" class=\"wp-block-file__button wp-element-button\" download aria-describedby=\"wp-block-file--media-24c83a63-9f7d-43d4-beea-b9e8e08cdefd\">Herunterladen<\/a><\/div>\n\n\n\n<p><strong>Anmeldung 2025\/2026<\/strong><\/p>\n\n\n\n<p>Sie k\u00f6nnen Ihr Kind im Rahmen der Schulanmeldephase im OGS-B\u00fcro anmelden.<\/p>\n\n\n\n<p>Das Anmeldeformular f\u00fcr die OGS-Betreuung&nbsp;<strong>f\u00fcr das n\u00e4chste Schuljahr&nbsp;<\/strong>finden Sie hier.&nbsp;<\/p>\n\n\n\n<div data-wp-interactive=\"core\/file\" class=\"wp-block-file\"><object data-wp-bind--hidden=\"!state.hasPdfPreview\" hidden class=\"wp-block-file__embed\" data=\"https:\/\/drei-linden-schule-ranzel.de\/wp-content\/uploads\/2025\/09\/Infobrief-Offene-Ganztagsschule-in-Niederkassel-2026-27-1.pdf\" type=\"application\/pdf\" style=\"width:100%;height:600px\" aria-label=\"Einbettung von Infobrief Offene Ganztagsschule in Niederkassel 2026-27 (1).\"><\/object><a id=\"wp-block-file--media-ced0a4ef-82e8-4d1d-938d-3c8f76b9a27f\" href=\"https:\/\/drei-linden-schule-ranzel.de\/wp-content\/uploads\/2025\/09\/Infobrief-Offene-Ganztagsschule-in-Niederkassel-2026-27-1.pdf\">Infobrief Offene Ganztagsschule in Niederkassel 2026-27 (1)<\/a><a href=\"https:\/\/drei-linden-schule-ranzel.de\/wp-content\/uploads\/2025\/09\/Infobrief-Offene-Ganztagsschule-in-Niederkassel-2026-27-1.pdf\" class=\"wp-block-file__button wp-element-button\" download aria-describedby=\"wp-block-file--media-ced0a4ef-82e8-4d1d-938d-3c8f76b9a27f\">Herunterladen<\/a><\/div>\n\n\n\n<div data-wp-interactive=\"core\/file\" class=\"wp-block-file\"><object data-wp-bind--hidden=\"!state.hasPdfPreview\" hidden class=\"wp-block-file__embed\" data=\"https:\/\/drei-linden-schule-ranzel.de\/wp-content\/uploads\/2025\/09\/Voranmeldung-Arbeitgeberbescheinigung_OGS-1-1.pdf\" type=\"application\/pdf\" style=\"width:100%;height:600px\" aria-label=\"Einbettung von Voranmeldung-Arbeitgeberbescheinigung_OGS-1.\"><\/object><a id=\"wp-block-file--media-2fc2ae92-a9de-479a-b102-da0666d53fab\" href=\"https:\/\/drei-linden-schule-ranzel.de\/wp-content\/uploads\/2025\/09\/Voranmeldung-Arbeitgeberbescheinigung_OGS-1-1.pdf\">Voranmeldung-Arbeitgeberbescheinigung_OGS-1<\/a><a href=\"https:\/\/drei-linden-schule-ranzel.de\/wp-content\/uploads\/2025\/09\/Voranmeldung-Arbeitgeberbescheinigung_OGS-1-1.pdf\" class=\"wp-block-file__button wp-element-button\" download aria-describedby=\"wp-block-file--media-2fc2ae92-a9de-479a-b102-da0666d53fab\">Herunterladen<\/a><\/div>\n\n\n\n<div data-wp-interactive=\"core\/file\" class=\"wp-block-file\"><object data-wp-bind--hidden=\"!state.hasPdfPreview\" hidden class=\"wp-block-file__embed\" data=\"https:\/\/drei-linden-schule-ranzel.de\/wp-content\/uploads\/2025\/09\/OGS-Voranmeldung.pdf\" type=\"application\/pdf\" style=\"width:100%;height:600px\" aria-label=\"Einbettung von OGS-Voranmeldung.\"><\/object><a id=\"wp-block-file--media-133cd122-da0c-44ac-9139-e31be585299e\" href=\"https:\/\/drei-linden-schule-ranzel.de\/wp-content\/uploads\/2025\/09\/OGS-Voranmeldung.pdf\">OGS-Voranmeldung<\/a><a href=\"https:\/\/drei-linden-schule-ranzel.de\/wp-content\/uploads\/2025\/09\/OGS-Voranmeldung.pdf\" class=\"wp-block-file__button wp-element-button\" download aria-describedby=\"wp-block-file--media-133cd122-da0c-44ac-9139-e31be585299e\">Herunterladen<\/a><\/div>\n\n\n\n<p><strong>Kosten<\/strong><\/p>\n\n\n\n<p><strong>Betreuung<\/strong><\/p>\n\n\n\n<p>Die Kosten f\u00fcr die Betreuung sind je nach Einkommen und Geschwisterzahl gestaffelt. Den Beitrag k\u00f6nnen Sie der Entgeltordnung der Stadt Niederkassel entnehmen.<\/p>\n\n\n\n<p>Die Betreuungskosten werden bei der Stadt Niederkassel entrichtet.<\/p>\n\n\n\n<p>Das Essensgeld, die Kosten der Fr\u00fchbetreuung und der Ferienbetreuung werden von Betreute Schulen e.V. eingezogen.<\/p>\n\n\n\n<p><strong>Fr\u00fchbetreuung<\/strong><\/p>\n\n\n\n<p>8,00 \u20ac f\u00fcr OGS-Kinder<\/p>\n\n\n\n<p><strong>Verpflegung<\/strong><\/p>\n\n\n\n<p>82,00 \u20ac pro Monat<\/p>\n\n\n\n<p>Das Essensgeld wird ganzj\u00e4hrig (auch in den Ferienmonaten) gezahlt, da die Gesamtzahl aller Schultage im Jahr durch 12 Monate geteilt, die Summe des Essensbeitrages ergibt.<\/p>\n\n\n\n<p><strong>BuT: (Bildung und Teilhabe)<\/strong><\/p>\n\n\n\n<p>Familien, die erg\u00e4nzende Sozialleistungen wie z.B. Wohngeld oder B\u00fcrgergeld erhalten, k\u00f6nnen sich vom Essensgeld befreien lassen, wenn Sie Unterst\u00fctzung aus dem Bildungs- und Teilhabepaket beantragen.<\/p>\n\n\n\n<p>Bitte nehmen Sie mit der OGS Kontakt auf \u2013 wir unterst\u00fctzen Sie gerne.<\/p>\n\n\n\n<p>Der BuT-Antrag muss nach Ende des Bewilligungszeitraumes neu gestellt und bewilligt werden.<\/p>\n\n\n\n<p><strong>Ferienbetreuung:<\/strong><\/p>\n\n\n\n<p>55,00 \u20ac Betreuungsgeld \/Woche<\/p>\n\n\n\n<p>3,00 \u20ac Programmgeld pro Tag<\/p>\n\n\n\n<p>4,50 \u20ac Essensgeld pro Tag<\/p>\n\n\n\n<ul class=\"wp-block-list\">\n<li>Es besteht die Pflicht der Beitragszahlung und der Zahlung der Essenspauschale w\u00e4hrend der gesamten Vertragsdauer von einem Schuljahr.<\/li>\n\n\n\n<li>Die Essenspauschale, die Fr\u00fchbetreuung und die Ferienbeitr\u00e4ge werden von \u201eBetreute Schulen e.V.\u201c eingezogen.<\/li>\n\n\n\n<li>Der Vertrag wird bindend f\u00fcr ein Schuljahr abgeschlossen und verl\u00e4ngert sich jeweils um ein Schuljahr, wenn er nicht bis sp\u00e4testens 15. Dezember zum Ende des laufenden Schuljahres (31.07.) schriftlich gek\u00fcndigt wird.<\/li>\n<\/ul>\n","protected":false},"excerpt":{"rendered":"<p>Sie k\u00f6nnen Ihr Kind an der OGS Ranzel anmelden, wenn Ihr Kind Sch\u00fclerIn der Drei-Linden-Schule Ranzel ist. Das Anmeldeformular f\u00fcr die OGS-Betreuung&nbsp;f\u00fcr das laufende Schuljahr&nbsp;finden Sie hier.&nbsp; Anmeldung 2025\/2026 Sie k\u00f6nnen Ihr Kind im Rahmen der Schulanmeldephase im OGS-B\u00fcro anmelden. Das Anmeldeformular f\u00fcr die OGS-Betreuung&nbsp;f\u00fcr das n\u00e4chste Schuljahr&nbsp;finden Sie hier.&nbsp; Kosten Betreuung Die Kosten f\u00fcr &hellip; <\/p>\n<p class=\"link-more\"><a href=\"https:\/\/drei-linden-schule-ranzel.de\/?page_id=550\" class=\"more-link\"><span class=\"screen-reader-text\">\u201eAnmeldung und Kosten\u201c<\/span> weiterlesen<\/a><\/p>\n","protected":false},"author":1,"featured_media":0,"parent":0,"menu_order":0,"comment_status":"closed","ping_status":"closed","template":"","meta":{"jetpack_post_was_ever_published":false,"footnotes":""},"class_list":["post-550","page","type-page","status-publish","hentry"],"jetpack_sharing_enabled":true,"jetpack_shortlink":"https:\/\/wp.me\/PaPdtp-8S","_links":{"self":[{"href":"https:\/\/drei-linden-schule-ranzel.de\/index.php?rest_route=\/wp\/v2\/pages\/550","targetHints":{"allow":["GET"]}}],"collection":[{"href":"https:\/\/drei-linden-schule-ranzel.de\/index.php?rest_route=\/wp\/v2\/pages"}],"about":[{"href":"https:\/\/drei-linden-schule-ranzel.de\/index.php?rest_route=\/wp\/v2\/types\/page"}],"author":[{"embeddable":true,"href":"https:\/\/drei-linden-schule-ranzel.de\/index.php?rest_route=\/wp\/v2\/users\/1"}],"replies":[{"embeddable":true,"href":"https:\/\/drei-linden-schule-ranzel.de\/index.php?rest_route=%2Fwp%2Fv2%2Fcomments&post=550"}],"version-history":[{"count":14,"href":"https:\/\/drei-linden-schule-ranzel.de\/index.php?rest_route=\/wp\/v2\/pages\/550\/revisions"}],"predecessor-version":[{"id":2453,"href":"https:\/\/drei-linden-schule-ranzel.de\/index.php?rest_route=\/wp\/v2\/pages\/550\/revisions\/2453"}],"wp:attachment":[{"href":"https:\/\/drei-linden-schule-ranzel.de\/index.php?rest_route=%2Fwp%2Fv2%2Fmedia&parent=550"}],"curies":[{"name":"wp","href":"https:\/\/api.w.org\/{rel}","templated":true}]}}