{"id":187,"date":"2019-03-28T15:03:22","date_gmt":"2019-03-28T15:03:22","guid":{"rendered":"http:\/\/drei-linden-schule-ranzel.de\/?page_id=187"},"modified":"2021-06-03T09:04:42","modified_gmt":"2021-06-03T09:04:42","slug":"lotsendienst","status":"publish","type":"page","link":"https:\/\/drei-linden-schule-ranzel.de\/?page_id=187","title":{"rendered":"Lotsendienst"},"content":{"rendered":"\n<p>Liebe Eltern,<\/p>\n\n\n\n<p>um die Sicherheit unserer Kinder auf dem Schulweg zu gew\u00e4hrleisten, gibt es an drei Stellen in Ranzel unsere Sch\u00fclerlotsen.&nbsp; <br><\/p>\n\n\n\n<p>Daher brauchen wir ganz dringend Ihre Unterst\u00fctzung und m\u00f6glichst viele freiwillige Eltern, um mit dem Lotsendienst weitermachen zu k\u00f6nnen.<br><\/p>\n\n\n\n<div class=\"wp-block-image\"><figure class=\"alignright is-resized\"><img loading=\"lazy\" decoding=\"async\" src=\"http:\/\/drei-linden-schule-ranzel.de\/wp-content\/uploads\/2019\/03\/Ma-1-1-1-768x1024.jpg\" alt=\"\" class=\"wp-image-185\" width=\"202\" height=\"269\" srcset=\"https:\/\/drei-linden-schule-ranzel.de\/wp-content\/uploads\/2019\/03\/Ma-1-1-1-768x1024.jpg 768w, https:\/\/drei-linden-schule-ranzel.de\/wp-content\/uploads\/2019\/03\/Ma-1-1-1-225x300.jpg 225w\" sizes=\"auto, (max-width: 202px) 100vw, 202px\" \/><\/figure><\/div>\n\n\n\n<p>Wir ben\u00f6tigen Helfer zum Schulbeginn von 07:30 &#8211; 07:55 Uhr&nbsp;<\/p>\n\n\n\n<p>Die Standpunkte sind <\/p>\n\n\n\n<p>die Ampelanlage an der Schule Porzer Stra\u00dfe,<br>die Ampel an der Kirche Wahner Stra\u00dfe und&nbsp;<br>der Zebrastreifen Berliner Stra\u00dfe (Dreieck).<\/p>\n\n\n\n<p>F\u00fcr neue Sch\u00fclerlotsen findet eine Einweisung durch die Polizei statt.<\/p>\n","protected":false},"excerpt":{"rendered":"<p>Liebe Eltern, um die Sicherheit unserer Kinder auf dem Schulweg zu gew\u00e4hrleisten, gibt es an drei Stellen in Ranzel unsere Sch\u00fclerlotsen.&nbsp; Daher brauchen wir ganz dringend Ihre Unterst\u00fctzung und m\u00f6glichst viele freiwillige Eltern, um mit dem Lotsendienst weitermachen zu k\u00f6nnen. Wir ben\u00f6tigen Helfer zum Schulbeginn von 07:30 &#8211; 07:55 Uhr&nbsp; Die Standpunkte sind die Ampelanlage &hellip; <\/p>\n<p class=\"link-more\"><a href=\"https:\/\/drei-linden-schule-ranzel.de\/?page_id=187\" class=\"more-link\"><span class=\"screen-reader-text\">\u201eLotsendienst\u201c<\/span> weiterlesen<\/a><\/p>\n","protected":false},"author":1,"featured_media":0,"parent":0,"menu_order":0,"comment_status":"closed","ping_status":"closed","template":"","meta":{"jetpack_post_was_ever_published":false,"footnotes":""},"class_list":["post-187","page","type-page","status-publish","hentry"],"jetpack_sharing_enabled":true,"jetpack_shortlink":"https:\/\/wp.me\/PaPdtp-31","_links":{"self":[{"href":"https:\/\/drei-linden-schule-ranzel.de\/index.php?rest_route=\/wp\/v2\/pages\/187","targetHints":{"allow":["GET"]}}],"collection":[{"href":"https:\/\/drei-linden-schule-ranzel.de\/index.php?rest_route=\/wp\/v2\/pages"}],"about":[{"href":"https:\/\/drei-linden-schule-ranzel.de\/index.php?rest_route=\/wp\/v2\/types\/page"}],"author":[{"embeddable":true,"href":"https:\/\/drei-linden-schule-ranzel.de\/index.php?rest_route=\/wp\/v2\/users\/1"}],"replies":[{"embeddable":true,"href":"https:\/\/drei-linden-schule-ranzel.de\/index.php?rest_route=%2Fwp%2Fv2%2Fcomments&post=187"}],"version-history":[{"count":5,"href":"https:\/\/drei-linden-schule-ranzel.de\/index.php?rest_route=\/wp\/v2\/pages\/187\/revisions"}],"predecessor-version":[{"id":891,"href":"https:\/\/drei-linden-schule-ranzel.de\/index.php?rest_route=\/wp\/v2\/pages\/187\/revisions\/891"}],"wp:attachment":[{"href":"https:\/\/drei-linden-schule-ranzel.de\/index.php?rest_route=%2Fwp%2Fv2%2Fmedia&parent=187"}],"curies":[{"name":"wp","href":"https:\/\/api.w.org\/{rel}","templated":true}]}}