{"id":175,"date":"2019-03-28T14:37:11","date_gmt":"2019-03-28T14:37:11","guid":{"rendered":"http:\/\/drei-linden-schule-ranzel.de\/?page_id=175"},"modified":"2025-10-31T13:04:10","modified_gmt":"2025-10-31T13:04:10","slug":"info-abc","status":"publish","type":"page","link":"http:\/\/drei-linden-schule-ranzel.de\/?page_id=175","title":{"rendered":"Info ABC"},"content":{"rendered":"\n<p><strong>Abschlussfeier<\/strong><br>Zum Schuljahresende versammeln sich alle Kinder und Lehrer in der Turnhalle. Die 4. Klassen werden mit einer fr\u00f6hlichen Feier verabschiedet und alle freuen sich auf die bevorstehenden Sommerferien.<\/p>\n\n\n\n<p>Die&nbsp;<strong>Aufsicht <\/strong>beginnt eine \u00bc Stunde vor Unterrichtsbeginn bis zum Ende des Unterrichts. Das Verlassen des Schulgel\u00e4ndes w\u00e4hrend der Unterrichtszeit ist nicht gestattet.<\/p>\n\n\n\n<p><strong>Beurlaubungen <\/strong>werden durch die Klassenlehrer*in bis zu zwei Tagen, durch die Schulleiterin bis zu 2 Wochen erteilt. Antr\u00e4ge, die dar\u00fcber hinausgehen, m\u00fcssen beim Schulamt gestellt werden. Beurlaubungen direkt vor oder nach den Ferien sind nicht m\u00f6glich.<\/p>\n\n\n\n<p><strong>Computer <\/strong>sind au\u00dfer im Computerraum in jeder Klasse mit Internetzugang vorhanden.<\/p>\n\n\n\n<p><strong>Einschulungsfeier<\/strong><br>Nach einem \u00f6kumenischen Gottesdienst findet eine Begr\u00fc\u00dfungsfeier mit kleinen Darbietungen statt. Anschlie\u00dfend gehen die Schulanf\u00e4nger mit ihren Lehrern in die Klassen, w\u00e4hrend die Eltern von der Schulpflegschaft mit Kaffee und Keksen versorgt werden.<\/p>\n\n\n\n<p><strong>Erkrankungen <\/strong>m\u00fcssen bis sp\u00e4testens 7:45 Uhr der Schule telefonisch mitgeteilt werden. Der angeschlossene Anrufbeantworter wird vor Unterrichtsbeginn abgeh\u00f6rt. Die Klassenlehrer*innen werden informiert. Damit wird sichergestellt, dass wir wissen, wo ein Kind ist.<br>Bei dem Verdacht auf ansteckende Krankheiten darf das Kind erst wieder die Schule besuchen, wenn der behandelnde Arzt dies bescheinigt.<\/p>\n\n\n\n<p>Der&nbsp;<strong>F\u00f6rderverein <\/strong>unterst\u00fctzt die schulische Arbeit; jeder kann mit einem Jahresbeitrag von 10,- Euro Mitglied werden.<\/p>\n\n\n\n<p><strong>Feiern in den Klassen <\/strong>(Klassenfeiern)<br>In allen Klassen wird der Geburtstag eines jeden Kindes gefeiert. Die Gestaltung dieser kleinen Feier wird individuell in jeder Klasse besprochen und durchgef\u00fchrt. Dar\u00fcber hinaus finden in allen Klassen Feste und Feiern zu unterschiedlichen Anl\u00e4ssen statt.<\/p>\n\n\n\n<p><strong>Fundsachen <\/strong>k\u00f6nnen im Untergeschoss des Hauptgeb\u00e4udes abgeholt werden. Nach einiger Zeit werden sie karitativen Einrichtungen \u00fcberlassen.<\/p>\n\n\n\n<p><strong>Fu\u00dfballturnier<\/strong><br>Im Sommer findet der \u201eGrundschulcup der Niederkasseler Schulen\u201c statt. Bei diesem Fu\u00dfballturnier nehmen s\u00e4mtliche Grundschulen aus Niederkassel teil. Fu\u00dfballbegeisterte Kinder aus den 3. und 4. Klassen bilden Mannschaften. Alle spielen mit Spa\u00df und Ehrgeiz um den 1. Platz.<\/p>\n\n\n\n<p><strong>Gottesdienste <\/strong>(evangelische, katholische, \u00f6kumenische) finden regelm\u00e4\u00dfig statt. Ein Terminplan wird zu Beginn des Schuljahres bekannt gegeben.<\/p>\n\n\n\n<p>Unser&nbsp;<strong>Hausmeister <\/strong>hei\u00dft Herr Becker. Sein Raum befindet sich im Hauptgeb\u00e4ude im Eingangsbereich.<\/p>\n\n\n\n<p><strong>Hitzefrei <\/strong>und damit vorzeitiger Unterrichtsschluss wird nur nach vorheriger Ank\u00fcndigung gegeben.<\/p>\n\n\n\n<p><strong>Karneval<\/strong><br>Weiberfastnacht findet eine gemeinsame Karnevalsfeier in der Turnhalle statt, zu der Lehrer und Sch\u00fcler verkleidet erscheinen und an der die lokalen Karnevalsvereine mitwirken.<\/p>\n\n\n\n<p><strong>Klassenfahrten<\/strong><br>Im 3. oder 4. Schuljahr machen die Klassen eine mehrt\u00e4gige Klassenfahrt. Ziel einer jeden Klassenfahrt ist die St\u00e4rkung der Gemeinschaft. Das Ziel der Klassenfahrten wird gemeinsam von den Sch\u00fclern, Eltern und Lehrern ausgew\u00e4hlt.<\/p>\n\n\n\n<p><\/p>\n\n\n\n<p><strong>Post<\/strong><br>Wichtige Informationen und Briefe erhalten Sie i.d.R. \u00fcber SchoolFox oder die gelben Postmappen ihrer Kinder. Bitte kontrollieren Sie diese t\u00e4glich.<\/p>\n\n\n\n<p><strong>Materiallisten <\/strong>erhalten die Eltern der Schulneulinge vor den Ferien mit einem Informationsbrief zur Einschulung.<\/p>\n\n\n\n<p><strong>Migrationsunterricht <\/strong>zur F\u00f6rderung der deutschen Sprachkenntnisse erhalten Kinder bei Bedarf zus\u00e4tzlich.<\/p>\n\n\n\n<p>Die&nbsp;<strong>OGS <\/strong>(Offene Ganztagsgrundschule) betreut die Kinder unserer Schule vor und nach dem Unterricht.<\/p>\n\n\n\n<p><strong>\u00d6kumenische Gottesdienste&nbsp;<\/strong><br>Kinder aller Konfessionen sind eingeladen, zu bestimmten Festen (Einschulung, St. Martin, Weihnachten, Ostern und Schuljahresabschluss) einen gemeinsamen Gottesdienst zu feiern.<\/p>\n\n\n\n<p><strong>Pausen <\/strong>sind geteilt in eine Hofpause und eine Fr\u00fchst\u00fcckspause (in den Klassen) und. Bei schlechten Wetterverh\u00e4ltnissen bleiben die Kinder beaufsichtigt in den Klassen.<\/p>\n\n\n\n<p><strong>Projektwochen<\/strong>\/<strong>Schulfeste <\/strong>finden im j\u00e4hrlichen Wechsel statt.<\/p>\n\n\n\n<p><strong>Religionsunterricht <\/strong>wird f\u00fcr katholische und evangelische Kinder angeboten.<\/p>\n\n\n\n<p><strong>Schul\u00e4rztliche Untersuchungen <\/strong>des allgemeinen Gesundheitszustands der Kinder durch einen Amtsarzt oder eine Amts\u00e4rztin vor der Einschulung sind verbindlich. Die&nbsp;<strong>zahn\u00e4rztlichen<\/strong> Untersuchungen finden einmal j\u00e4hrlich statt.<\/p>\n\n\n\n<p><strong>Schwimmunterricht <\/strong>wird im 3. Schuljahr im L\u00fclsdorfer Hallenbad erteilt.<\/p>\n\n\n\n<p><strong>Sekretariat<\/strong><br>Unser Sekretariat ist zu folgenden Zeiten erreichbar:<br>Montags bis donnerstags in der Zeit von 8-12Uhr Tel.: 02208 \/ 2010<\/p>\n\n\n\n<p><strong>Sankt Martin<\/strong><br>Die Veranstaltungen zu St. Martin werden im November durchgef\u00fchrt. <br>Ab ca. 17.00 Uhr geht der Martinszug durch einen Teil des Ortes. Dabei gehen die Grundschulkinder mit ihren jeweiligen Klassen und den im Unterricht gebastelten Laternen.<br>Die Eltern, Geschwister, Gro\u00dfeltern etc. begleiten uns am Ende des Zuges.\u00a0<br>Oft findet im Anschluss ein kleiner Umtrunk Dank der Schulpflegschaft und des F\u00f6rdervereins statt. Die Weckbrotausgabe erfolgt im Anschluss an den Umzug und nur gegen Abgabe der Weckbrotmarke. <\/p>\n\n\n\n<p>Nach M\u00f6glichkeit wird auch ein Martinsfeuer entz\u00fcndet. In dieser Woche finden \u00f6kumenische Gottesdienste statt.<\/p>\n\n\n\n<p><strong>Schulfeste<\/strong>\/<strong>Projektwochen <\/strong>finden im j\u00e4hrlichen Wechsel statt.<\/p>\n\n\n\n<p><strong>Schulpokal im Schwimmen<\/strong><br>Im Mai treten Kinder aus allen Schuljahren gegen die Sch\u00fcler der benachbarten Grundschulen aus Niederkassel im Schwimmen an.<\/p>\n\n\n\n<p><strong>Sportfest<\/strong><br>Im Fr\u00fchjahr werden die Bundesjugendspiele mit allen Klassen auf dem Sportplatz in L\u00fclsdorf durchgef\u00fchrt.<\/p>\n\n\n\n<p><strong>Tag der Offenen T\u00fcr<\/strong><br>Im Herbst findet an einem Samstag ein Tag der Offenen T\u00fcr statt. Die Sch\u00fcler und Lehrer pr\u00e4sentieren den Unterricht und das Schulleben f\u00fcr die zuk\u00fcnftigen Erstkl\u00e4ssler und ihre Eltern.<\/p>\n\n\n\n<p><strong>Unterricht in der Herkunftssprache <\/strong>HKU bedeutet ein Angebot f\u00fcr Kinder mit Migrationshintergrund. An unserer Schule wird nachmittags Unterricht in T\u00fcrkisch angeboten.\u00a0<\/p>\n\n\n\n<p><strong>Umweltschutz <\/strong>wird praktiziert, indem die Kinder ihr Fr\u00fchst\u00fcck in Butterbrotdosen und Nachf\u00fclltrinkflaschen mitbringen und so unn\u00f6tigen Abfall vermeiden.<\/p>\n\n\n\n<p><strong>Unf\u00e4lle <\/strong>auf dem Schulweg und die Inanspruchnahme \u00e4rztlicher Hilfe m\u00fcssen umgehend der Schulleitung mitgeteilt werden. Auf dem Schulweg und in der Schule sind alle Kinder durch die Gemeindeunfallversicherung versichert.<\/p>\n\n\n\n<p><strong>Unterrichtszeiten <\/strong>liegen zwischen 7:55 und 13:15 Uhr.<\/p>\n\n\n\n<p><strong>Vertretung<\/strong><br>Bei pl\u00f6tzlicher Erkrankung der Lehrkraft bleiben die Kinder an diesem Tag nach Stundenplan versorgt. In den n\u00e4chsten Tagen werden die Kinder auf die \u00fcbrigen Klassen verteilt. Manchmal wird ein spezieller Vertretungsplan an die Kinder ausgegeben. Sollte es zu Stundenausfall kommen, werden Sie \u00fcber die Postmappe benachrichtigt.<\/p>\n\n\n\n<p><strong>Zeugnisse <\/strong>erhalten die Kinder der 1. und 2. Klassen am Ende des Schuljahres. Die Kinder der 3. und 4. Klassen auch zum Ende eines jeden Schulhalbjahres.<\/p>\n","protected":false},"excerpt":{"rendered":"<p>AbschlussfeierZum Schuljahresende versammeln sich alle Kinder und Lehrer in der Turnhalle. Die 4. Klassen werden mit einer fr\u00f6hlichen Feier verabschiedet und alle freuen sich auf die bevorstehenden Sommerferien. Die&nbsp;Aufsicht beginnt eine \u00bc Stunde vor Unterrichtsbeginn bis zum Ende des Unterrichts. Das Verlassen des Schulgel\u00e4ndes w\u00e4hrend der Unterrichtszeit ist nicht gestattet. Beurlaubungen werden durch die Klassenlehrer*in &hellip; <\/p>\n<p class=\"link-more\"><a href=\"http:\/\/drei-linden-schule-ranzel.de\/?page_id=175\" class=\"more-link\"><span class=\"screen-reader-text\">\u201eInfo ABC\u201c<\/span> weiterlesen<\/a><\/p>\n","protected":false},"author":1,"featured_media":64,"parent":0,"menu_order":0,"comment_status":"closed","ping_status":"closed","template":"","meta":{"jetpack_post_was_ever_published":false,"footnotes":""},"class_list":["post-175","page","type-page","status-publish","has-post-thumbnail","hentry"],"jetpack_sharing_enabled":false,"jetpack_shortlink":"https:\/\/wp.me\/PaPdtp-2P","_links":{"self":[{"href":"http:\/\/drei-linden-schule-ranzel.de\/index.php?rest_route=\/wp\/v2\/pages\/175","targetHints":{"allow":["GET"]}}],"collection":[{"href":"http:\/\/drei-linden-schule-ranzel.de\/index.php?rest_route=\/wp\/v2\/pages"}],"about":[{"href":"http:\/\/drei-linden-schule-ranzel.de\/index.php?rest_route=\/wp\/v2\/types\/page"}],"author":[{"embeddable":true,"href":"http:\/\/drei-linden-schule-ranzel.de\/index.php?rest_route=\/wp\/v2\/users\/1"}],"replies":[{"embeddable":true,"href":"http:\/\/drei-linden-schule-ranzel.de\/index.php?rest_route=%2Fwp%2Fv2%2Fcomments&post=175"}],"version-history":[{"count":12,"href":"http:\/\/drei-linden-schule-ranzel.de\/index.php?rest_route=\/wp\/v2\/pages\/175\/revisions"}],"predecessor-version":[{"id":2486,"href":"http:\/\/drei-linden-schule-ranzel.de\/index.php?rest_route=\/wp\/v2\/pages\/175\/revisions\/2486"}],"wp:featuredmedia":[{"embeddable":true,"href":"http:\/\/drei-linden-schule-ranzel.de\/index.php?rest_route=\/wp\/v2\/media\/64"}],"wp:attachment":[{"href":"http:\/\/drei-linden-schule-ranzel.de\/index.php?rest_route=%2Fwp%2Fv2%2Fmedia&parent=175"}],"curies":[{"name":"wp","href":"https:\/\/api.w.org\/{rel}","templated":true}]}}